{"id":2878,"date":"2019-07-07T10:13:51","date_gmt":"2019-07-07T10:13:51","guid":{"rendered":"http:\/\/www.ligacavaloscorrida.pt\/?page_id=2878"},"modified":"2024-12-31T15:39:24","modified_gmt":"2024-12-31T15:39:24","slug":"documentos","status":"publish","type":"page","link":"https:\/\/www.ligacavaloscorrida.pt\/?page_id=2878","title":{"rendered":"Documentos"},"content":{"rendered":"[vc_row][vc_column][vc_column_text][\/vc_column_text][\/vc_column][\/vc_row][vc_row][vc_column][vc_column_text][\/vc_column_text][\/vc_column][\/vc_row][vc_row][vc_column width=&#8221;1\/3&#8243;][vc_column_text]\n<h4 style=\"text-align: center; background-color: #ffffff;\"><a href=\"https:\/\/www.ligacavaloscorrida.pt\/wp-content\/uploads\/2020\/03\/Ficha_admissao_socio.pdf\">Proposta de Admiss\u00e3o de S\u00f3cio<\/a><\/h4>\n<p><img decoding=\"async\" class=\"size-medium wp-image-2891 aligncenter\" src=\"https:\/\/www.ligacavaloscorrida.pt\/wp-content\/uploads\/2020\/03\/Admissao-de-S\u00f3cio-212x300.jpg\" alt=\"\" width=\"420\" height=auto \/>[\/vc_column_text][\/vc_column][vc_column width=&#8221;1\/3&#8243;][vc_column_text]\n<h4 style=\"text-align: center; background-color: #ffffff;\"><a href=\"https:\/\/www.ligacavaloscorrida.pt\/wp-content\/uploads\/2020\/03\/Formul\u00e1rios-Reg-Joquei.pdf\">Proposta de J\u00f3quei<\/a><\/h4>\n<p><img decoding=\"async\" class=\"size-medium wp-image-3150 aligncenter\" src=\"https:\/\/www.ligacavaloscorrida.pt\/wp-content\/uploads\/2020\/03\/Proposta-Joquei-212x300.jpg\" alt=\"\" width=\"420\" height=auto srcset=\"https:\/\/www.ligacavaloscorrida.pt\/wp-content\/uploads\/2020\/03\/Proposta-Joquei-212x300.jpg 212w, https:\/\/www.ligacavaloscorrida.pt\/wp-content\/uploads\/2020\/03\/Proposta-Joquei-725x1024.jpg 725w, https:\/\/www.ligacavaloscorrida.pt\/wp-content\/uploads\/2020\/03\/Proposta-Joquei-768x1085.jpg 768w, https:\/\/www.ligacavaloscorrida.pt\/wp-content\/uploads\/2020\/03\/Proposta-Joquei-1087x1536.jpg 1087w, https:\/\/www.ligacavaloscorrida.pt\/wp-content\/uploads\/2020\/03\/Proposta-Joquei-1449x2048.jpg 1449w, https:\/\/www.ligacavaloscorrida.pt\/wp-content\/uploads\/2020\/03\/Proposta-Joquei-scaled.jpg 1812w\" sizes=\"(max-width: 212px) 100vw, 212px\" \/>[\/vc_column_text][\/vc_column][vc_column width=&#8221;1\/3&#8243;][vc_column_text]\n<h4 style=\"text-align: center; background-color: #ffffff;\"><a href=\"https:\/\/www.ligacavaloscorrida.pt\/wp-content\/uploads\/2020\/03\/Formul\u00e1rios-Ced-Equino.pdf\">Declara\u00e7\u00e3o de Ced\u00eancia de Equino<\/a><\/h4>\n<p><img decoding=\"async\" class=\"size-medium wp-image-3152 aligncenter\" src=\"https:\/\/www.ligacavaloscorrida.pt\/wp-content\/uploads\/2020\/03\/Cedencia-de-Equino-212x300.jpg\" alt=\"\" width=\"420\" height=auto srcset=\"https:\/\/www.ligacavaloscorrida.pt\/wp-content\/uploads\/2020\/03\/Cedencia-de-Equino-212x300.jpg 212w, https:\/\/www.ligacavaloscorrida.pt\/wp-content\/uploads\/2020\/03\/Cedencia-de-Equino-725x1024.jpg 725w, https:\/\/www.ligacavaloscorrida.pt\/wp-content\/uploads\/2020\/03\/Cedencia-de-Equino-768x1085.jpg 768w, https:\/\/www.ligacavaloscorrida.pt\/wp-content\/uploads\/2020\/03\/Cedencia-de-Equino-1087x1536.jpg 1087w, https:\/\/www.ligacavaloscorrida.pt\/wp-content\/uploads\/2020\/03\/Cedencia-de-Equino-1449x2048.jpg 1449w, https:\/\/www.ligacavaloscorrida.pt\/wp-content\/uploads\/2020\/03\/Cedencia-de-Equino-scaled.jpg 1812w\" sizes=\"(max-width: 212px) 100vw, 212px\" \/>[\/vc_column_text][\/vc_column][\/vc_row][vc_row][vc_column width=&#8221;1\/3&#8243;][vc_column_text]\n<h4 style=\"text-align: center; background-color: #ffffff;\"><a href=\"https:\/\/www.ligacavaloscorrida.pt\/wp-content\/uploads\/2020\/05\/Registo-de-Quadra.pdf\">Proposta de Registo de Quadra<\/a><\/h4>\n<p><img decoding=\"async\" class=\"size-medium wp-image-3150 aligncenter\" src=\"https:\/\/www.ligacavaloscorrida.pt\/wp-content\/uploads\/2020\/05\/Registo-de-Quadra-212x300.jpg\" alt=\"\" width=\"420\" height=auto \/>[\/vc_column_text][\/vc_column][vc_column width=&#8221;1\/3&#8243;][vc_column_text]\n<h4 style=\"text-align: center; background-color: #ffffff;\"><a href=\"https:\/\/www.ligacavaloscorrida.pt\/wp-content\/uploads\/2024\/02\/propostadetreinador.pdf\">Proposta de Treinador<\/a><\/h4>\n<p><img decoding=\"async\" class=\"size-medium wp-image-3150 aligncenter\" src=\"https:\/\/www.ligacavaloscorrida.pt\/wp-content\/uploads\/2024\/02\/propostadetreinador-212x300.jpg\" alt=\"\" width=\"420\" height=\"auto\" \/><br \/>\n[\/vc_column_text][\/vc_column][vc_column width=&#8221;1\/3&#8243;][\/vc_column][\/vc_row][vc_row][vc_column width=&#8221;1\/3&#8243;][vc_column_text]\n<h4 style=\"text-align: center; background-color: #ffffff;\"><a href=\"https:\/\/www.ligacavaloscorrida.pt\/wp-content\/uploads\/2022\/03\/Atualizacao-de-Dados-Proprietarios.pdf\">Atualiza\u00e7\u00e3o de Dados &#8211; Socios<\/a><\/h4>\n<p><img decoding=\"async\" class=\"size-medium wp-image-3150 aligncenter\" src=\"https:\/\/www.ligacavaloscorrida.pt\/wp-content\/uploads\/2022\/03\/Atualizacao-de-Dados-Proprietarios-229x300.jpg\" alt=\"\" width=\"420\" height=auto \/>[\/vc_column_text][\/vc_column][vc_column width=&#8221;1\/3&#8243;][vc_column_text]\n<h4 style=\"text-align: center; background-color: #ffffff;\"><a href=\"https:\/\/www.ligacavaloscorrida.pt\/wp-content\/uploads\/2024\/02\/Declcedquadra.pdf\">Declara\u00e7\u00e3o de ced\u00eancia de Quadra<\/a><\/h4>\n<p><img decoding=\"async\" class=\" wp-image-3140 aligncenter\" src=\"https:\/\/www.ligacavaloscorrida.pt\/wp-content\/uploads\/2024\/02\/Declcedqdra-212x300.jpg\" alt=\"\" width=\"420\" height=\"auto\" \/><br \/>\n[\/vc_column_text][\/vc_column][vc_column width=&#8221;1\/3&#8243;][vc_column_text]\n<h4 style=\"text-align: center; background-color: #ffffff;\"><a href=\"https:\/\/www.ligacavaloscorrida.pt\/wp-content\/uploads\/2022\/10\/Proposta-de-jockey.pdf\">Proposta de Jockey \/ Drive<\/a><\/h4>\n<p><img decoding=\"async\" class=\" wp-image-3140 aligncenter\" src=\"https:\/\/www.ligacavaloscorrida.pt\/wp-content\/uploads\/2022\/10\/Prop_Jockey.jpg\" alt=\"\" width=\"420\" height=auto \/>[\/vc_column_text][\/vc_column][\/vc_row][vc_row][vc_column width=&#8221;1\/3&#8243;][vc_column_text]\n<h4 style=\"background-color: #ffffff; text-align: center;\"><a href=\"https:\/\/www.ligacavaloscorrida.pt\/wp-content\/uploads\/2022\/10\/Decl_Aceit_Menores.pdf\">Declara\u00e7\u00e3o de aceita\u00e7\u00e3o para menores<\/a><\/h4>\n<p><img decoding=\"async\" class=\"size-medium wp-image-3929 aligncenter\" src=\"https:\/\/www.ligacavaloscorrida.pt\/wp-content\/uploads\/2022\/10\/Decl_Aceit_Menores-212x300.jpg\" alt=\"\" width=\"420\" height=auto srcset=\"https:\/\/www.ligacavaloscorrida.pt\/wp-content\/uploads\/2022\/10\/Decl_Aceit_Menores-212x300.jpg 212w, https:\/\/www.ligacavaloscorrida.pt\/wp-content\/uploads\/2022\/10\/Decl_Aceit_Menores-725x1024.jpg 725w, https:\/\/www.ligacavaloscorrida.pt\/wp-content\/uploads\/2022\/10\/Decl_Aceit_Menores-768x1085.jpg 768w, https:\/\/www.ligacavaloscorrida.pt\/wp-content\/uploads\/2022\/10\/Decl_Aceit_Menores-1087x1536.jpg 1087w, https:\/\/www.ligacavaloscorrida.pt\/wp-content\/uploads\/2022\/10\/Decl_Aceit_Menores-1449x2048.jpg 1449w, https:\/\/www.ligacavaloscorrida.pt\/wp-content\/uploads\/2022\/10\/Decl_Aceit_Menores-scaled.jpg 1811w\" sizes=\"(max-width: 212px) 100vw, 212px\" \/>[\/vc_column_text][\/vc_column][vc_column width=&#8221;1\/3&#8243;][vc_column_text]\n<h4 style=\"text-align: center; background-color: #ffffff;\"><a href=\"https:\/\/www.ligacavaloscorrida.pt\/wp-content\/uploads\/2024\/02\/SoliCertExp.pdf\">Solicita\u00e7\u00e3o de Certificado de exporta\u00e7\u00e3o<\/a><\/h4>\n<p><img decoding=\"async\" class=\" wp-image-3140 aligncenter\" src=\"https:\/\/www.ligacavaloscorrida.pt\/wp-content\/uploads\/2024\/02\/solcertexp-212x300.jpg\" alt=\"\" width=\"420\" height=\"auto\" \/>[\/vc_column_text][\/vc_column][vc_column width=&#8221;1\/3&#8243;][\/vc_column][\/vc_row][vc_row][vc_column width=&#8221;1\/3&#8243;][vc_column_text]\n<h4 style=\"background-color: #ffffff; text-align: center;\"><a href=\"https:\/\/www.ligacavaloscorrida.pt\/wp-content\/uploads\/2024\/02\/Protocolodevacinacao.pdf\">Protocolo de vacina\u00e7\u00e3o<\/a><\/h4>\n<p><img decoding=\"async\" class=\"size-medium wp-image-3929 aligncenter\" src=\"https:\/\/www.ligacavaloscorrida.pt\/wp-content\/uploads\/2024\/02\/protocolodevacinacao-212x300.jpg\" alt=\"\" width=\"420\" height=\"auto\" \/>[\/vc_column_text][\/vc_column][vc_column width=&#8221;1\/3&#8243;][vc_column_text]\n<h4 style=\"background-color: #ffffff; text-align: center;\"><a href=\"https:\/\/www.ligacavaloscorrida.pt\/wp-content\/uploads\/2024\/12\/Saida-provisoria-de-treino.pdf\">Saida provis\u00f3ria de treino<\/a><\/h4>\n<p><img decoding=\"async\" class=\"size-medium wp-image-3929 aligncenter\" src=\"https:\/\/www.ligacavaloscorrida.pt\/wp-content\/uploads\/2024\/12\/Saida-provisoria-de-treino-212x300.jpg\" alt=\"\" width=\"420\" height=\"auto\" \/>[\/vc_column_text][\/vc_column][vc_column width=&#8221;1\/3&#8243;][vc_column_text]\n<h4 style=\"background-color: #ffffff; text-align: center;\"><a href=\"https:\/\/www.ligacavaloscorrida.pt\/wp-content\/uploads\/2024\/12\/Saida-definitiva-de-treino.pdf\">Saida definitiva de treino<\/a><\/h4>\n<p><img decoding=\"async\" class=\"size-medium wp-image-3929 aligncenter\" src=\"https:\/\/www.ligacavaloscorrida.pt\/wp-content\/uploads\/2024\/12\/Saida-definitiva-de-treino-212x300.jpg\" alt=\"\" width=\"420\" height=\"auto\" \/>[\/vc_column_text][\/vc_column][\/vc_row][vc_row][vc_column width=&#8221;1\/3&#8243;][vc_column_text]\n<h5 style=\"background-color: #ffffff; text-align: center;\"><a href=\"https:\/\/www.ligacavaloscorrida.pt\/wp-content\/uploads\/2024\/12\/Relacao-de-cavalos-em-treinadores.pdf\">Rela\u00e7\u00e3o de cavalos em treinadores<\/a><\/h5>\n<p><img decoding=\"async\" class=\"size-medium wp-image-3929 aligncenter\" src=\"https:\/\/www.ligacavaloscorrida.pt\/wp-content\/uploads\/2024\/12\/Relacao-de-cavalos-em-treinadores-211x300.jpg\" alt=\"\" width=\"420\" height=\"auto\" \/>[\/vc_column_text][\/vc_column][vc_column width=&#8221;1\/3&#8243;][vc_column_text]\n<h5 style=\"background-color: #ffffff; text-align: center;\"><a href=\"https:\/\/www.ligacavaloscorrida.pt\/wp-content\/uploads\/2024\/12\/Relacao-de-cavalos-dos-proprietarios.pdf\">Rela\u00e7\u00e3o de cavalos dos propriet\u00e1rios<\/a><\/h5>\n<p><img decoding=\"async\" class=\"size-medium wp-image-3929 aligncenter\" src=\"https:\/\/www.ligacavaloscorrida.pt\/wp-content\/uploads\/2024\/12\/Relacao-de-cavalos-dos-proprietarios-212x300.jpg\" alt=\"\" width=\"420\" height=\"auto\" \/>[\/vc_column_text][\/vc_column][vc_column width=&#8221;1\/3&#8243;][vc_column_text]\n<h5 style=\"background-color: #ffffff; text-align: center;\"><a href=\"https:\/\/www.ligacavaloscorrida.pt\/wp-content\/uploads\/2024\/12\/Declaracao-de-alteracao-de-treinador.pdf\">Declara\u00e7\u00e3o de altera\u00e7\u00e3o de treinador<\/a><\/h5>\n<p><img decoding=\"async\" class=\"size-medium wp-image-3929 align:center;\" src=\"https:\/\/www.ligacavaloscorrida.pt\/wp-content\/uploads\/2024\/12\/Declaracao-de-alteracao-de-treinador-212x300.jpg\" alt=\"\" width=\"420\" height=\"auto\" \/>[\/vc_column_text][\/vc_column][\/vc_row]\n","protected":false},"excerpt":{"rendered":"<p>[vc_row][vc_column][vc_column_text][\/vc_column_text][\/vc_column][\/vc_row][vc_row][vc_column][vc_column_text][\/vc_column_text][\/vc_column][\/vc_row][vc_row][vc_column width=&#8221;1\/3&#8243;][vc_column_text] Proposta de Admiss\u00e3o de S\u00f3cio [\/vc_column_text][\/vc_column][vc_column width=&#8221;1\/3&#8243;][vc_column_text] Proposta de J\u00f3quei [\/vc_column_text][\/vc_column][vc_column width=&#8221;1\/3&#8243;][vc_column_text] Declara\u00e7\u00e3o de Ced\u00eancia de Equino [\/vc_column_text][\/vc_column][\/vc_row][vc_row][vc_column width=&#8221;1\/3&#8243;][vc_column_text] Proposta de Registo de Quadra [\/vc_column_text][\/vc_column][vc_column width=&#8221;1\/3&#8243;][vc_column_text] Proposta de Treinador [\/vc_column_text][\/vc_column][vc_column width=&#8221;1\/3&#8243;][\/vc_column][\/vc_row][vc_row][vc_column width=&#8221;1\/3&#8243;][vc_column_text] Atualiza\u00e7\u00e3o de Dados &#8211; Socios [\/vc_column_text][\/vc_column][vc_column width=&#8221;1\/3&#8243;][vc_column_text] Declara\u00e7\u00e3o de ced\u00eancia de Quadra [\/vc_column_text][\/vc_column][vc_column width=&#8221;1\/3&#8243;][vc_column_text] Proposta de Jockey \/ Drive [\/vc_column_text][\/vc_column][\/vc_row][vc_row][vc_column width=&#8221;1\/3&#8243;][vc_column_text] Declara\u00e7\u00e3o de aceita\u00e7\u00e3o para menores [&hellip;] <a class=\"continue-reading h6 color-primary\" href=\"https:\/\/www.ligacavaloscorrida.pt\/?page_id=2878\"><i class=\"fa fa-fw fa-angle-double-right \"><\/i>Continue Reading<\/a><\/p>\n","protected":false},"author":1,"featured_media":0,"parent":0,"menu_order":0,"comment_status":"closed","ping_status":"closed","template":"","meta":{"footnotes":""},"class_list":["post-2878","page","type-page","status-publish","hentry"],"_links":{"self":[{"href":"https:\/\/www.ligacavaloscorrida.pt\/index.php?rest_route=\/wp\/v2\/pages\/2878","targetHints":{"allow":["GET"]}}],"collection":[{"href":"https:\/\/www.ligacavaloscorrida.pt\/index.php?rest_route=\/wp\/v2\/pages"}],"about":[{"href":"https:\/\/www.ligacavaloscorrida.pt\/index.php?rest_route=\/wp\/v2\/types\/page"}],"author":[{"embeddable":true,"href":"https:\/\/www.ligacavaloscorrida.pt\/index.php?rest_route=\/wp\/v2\/users\/1"}],"replies":[{"embeddable":true,"href":"https:\/\/www.ligacavaloscorrida.pt\/index.php?rest_route=%2Fwp%2Fv2%2Fcomments&post=2878"}],"version-history":[{"count":41,"href":"https:\/\/www.ligacavaloscorrida.pt\/index.php?rest_route=\/wp\/v2\/pages\/2878\/revisions"}],"predecessor-version":[{"id":4292,"href":"https:\/\/www.ligacavaloscorrida.pt\/index.php?rest_route=\/wp\/v2\/pages\/2878\/revisions\/4292"}],"wp:attachment":[{"href":"https:\/\/www.ligacavaloscorrida.pt\/index.php?rest_route=%2Fwp%2Fv2%2Fmedia&parent=2878"}],"curies":[{"name":"wp","href":"https:\/\/api.w.org\/{rel}","templated":true}]}}